-t**4/4 - t**3/2 + t**2. Does 8 divide v(-4)?
False
Suppose -2*j - 2*j = -8. Suppose -j*o - 4 = -14, 0 = 2*x + 2*o + 2. Let b = -1 - x. Is 3 a factor of b?
False
Let n = 20 + 174. Is n a multiple of 33?
False
Is 30*6/4*2/3 a multiple of 5?
True
Suppose -20 = -3*r + 1. Is 6 a factor of (1 - r)*(-6 + 5)?
True
Let v = -21 - -29. Is 7 a factor of v?
False
Let h be (-44)/7 - (-4)/14. Let l be -1 + (-2 - h) + -15. Is 4 a factor of (-9)/l - 159/(-12)?
False
Let q be 37/1 - (-5 + 2). Suppose 8 + q = 4*r. Does 3 divide r?
True
Let j(i) = 4*i**2 + 6*i + 2. Let n be j(-5). Suppose -2*b - 59 = -z, 3*b = 6*b + 3*z + 111. Let y = b + n. Does 20 divide y?
True
Let v be -3*-2*(-35)/(-3). Let o = v - 122. Does 19 divide o/(-10)*(10 + 0)?
False
Let r(v) = -v + 41. Is 26 a factor of r(15)?
True
Let p = -35 - -22. Let k = p - -22. Suppose w - k = 22. Is w a multiple of 17?
False
Suppose 5*d = -4*o - 6, -5*d - 5*o = -4*d + 18. Let c be -1*(3 - 2 - d). Is 14 a factor of (-1)/c + 0 + 35?
False
Let g(w) = 15*w**2 + w. Is g(-1) a multiple of 14?
True
Suppose -r = -6*r - 3*i + 15, 9 = 3*r - i. Suppose -6*o + 4*o = r*t - 27, 0 = -2*o + 4*t + 48. Is o a multiple of 5?
False
Let u(i) = -i**3 - 10*i**2 + 11*i. Let k be u(-11). Let j be -2 - (1 - (3 + k)). Suppose 68 = 4*l - 4*w, j*l - 2*w + 26 = l. Is l a multiple of 10?
True
Let f = 11 - 7. Suppose 4*x - f*c + 0*c - 116 = 0, -3*x - c + 95 = 0. Is 15 a factor of x?
False
Let v = -24 - -23. Let o be 87/(-12) - (-2)/8. Does 7 divide v/(3 + 22/o)?
True
Suppose -7 + 4 = -b. Let d(y) = 0*y + 21 + y**b + y - 5. Is 10 a factor of d(0)?
False
Let r(l) = 4*l**2 - 2*l - 1. Let n be r(-1). Suppose 0*t = n*t - 305. Suppose -t - 4 = -5*c. Is c a multiple of 13?
True
Let h(r) = r**3 - 6*r**2 - 2. Let o be h(6). Is 14 a factor of (-228)/(-8) + o/4?
True
Suppose -4 = v, 4*f = -f - 3*v - 22. Let h be ((-9)/18)/(1/f). Is 11 + (-1 + h)/(-3) a multiple of 11?
True
Suppose 0 = -4*f + 9*f. Let z = 24 - f. Does 12 divide z?
True
Let s(v) = 3*v**3 + v**2 - 4*v**3 + 1 + 5*v + 2*v**2. Is s(4) even?
False
Suppose -4*c - 5*v = 33, -3*v - 8 = -c - v. Let j = 5 + c. Does 3 divide j?
True
Let j be 4/6 + (-76)/(-12). Let i(r) = -r**3 - 14*r**2 + 5*r - 11. Let u(c) = c**3 + 13*c**2 - 4*c + 10. Let d(p) = j*u(p) + 6*i(p). Does 10 divide d(-3)?
False
Suppose 46 = -k + 6. Let t(o) = -11*o + 2. Let z be t(-5). Let h = z + k. Does 17 divide h?
True
Let m = -71 + 274. Does 29 divide m?
True
Suppose 4*p - 55 = -3*c, 0 = -4*p + 6*c - 2*c + 20. Let v(o) be the third derivative of -o**5/60 + 5*o**4/8 - 7*o**3/3 - 2*o**2. Is 18 a factor of v(p)?
True
Suppose 2 = 4*g - 3*g. Let l = g + 3. Suppose -l*j + 0 = -15. Is 2 a factor of j?
False
Suppose 4*l = -5*i + 537, -3*i = -i + 2*l - 216. Is 21 a factor of i?
True
Let n(p) be the second derivative of p**4/12 + p**3/3 + p**2/2 - p. Let f be n(-3). Suppose -f*d - 125 + 31 = -5*j, -3*d + 100 = 4*j. Is j a multiple of 9?
False
Suppose c = -4*b + 36, 2*c - 3*b - b = 48. Is 7 a factor of c?
True
Suppose 0 = -2*j - 5*z + 317, 413 = 3*j - 4*z - z. Is j a multiple of 18?
False
Is 6 a factor of 125 - (0 + -2 + -2)?
False
Suppose 5 = 5*b + 3*a, 3*b = -4*a - 6 + 20. Let v(k) = 18*k**2 + 9*k + 8. Let x(s) = -35*s**2 - 17*s - 15. Let q(j) = -11*v(j) - 6*x(j). Is 19 a factor of q(b)?
False
Is 12 a factor of 22/4*68 - (-17 - -19)?
True
Suppose -12 = -3*m - 0*m. Suppose 2*c = 8, -m*k + 3*k + 4*c - 12 = 0. Suppose 2*y + 4*b = 38 + 46, -k*y = 2*b - 186. Is 16 a factor of y?
True
Let r = 6 + -4. Suppose -r*t = 5*j - 22 - 207, 2*j - 4*t - 82 = 0. Does 17 divide j?
False
Does 13 divide -2 - (-12 + 6/(-2))?
True
Suppose 0 = -n + 3*n - 162. Does 22 divide n?
False
Let k(w) = 4*w**2 - 9*w - 22. Does 27 divide k(8)?
True
Let z = -33 - -56. Does 4 divide z?
False
Let p = -7 - -7. Let y = 5 + p. Suppose 79 = y*l + 4. Is 15 a factor of l?
True
Let n = -45 - -152. Does 19 divide n?
False
Let j(q) = 19*q - 1. Let b be j(1). Suppose -b + 134 = 2*p. Is p a multiple of 31?
False
Suppose -2*p - c = -147, 0 = 4*p - 3*p + 3*c - 66. Is p a multiple of 21?
False
Let x(f) = f + 1. Let k be x(4). Suppose -k = -4*u + 3. Suppose 9 = u*m - 3. Is m a multiple of 6?
True
Let c be ((-7)/4)/(2/(-8)). Suppose -2*h - 35 = -c. Let w = h + 23. Is 9 a factor of w?
True
Suppose -173 = -8*c + 107. Is c a multiple of 7?
True
Let w be (6/(-4))/(6/(-16)). Let d(t) = t + 5 + w*t + 0*t. Is d(7) a multiple of 16?
False
Let r(t) = t**3 + t - 1. Let y be r(1). Suppose -5 + y = -4*l. Is 16 a factor of (-44)/(-1) + (3 - l)?
False
Let x = -74 - -24. Suppose 5*d = -123 - 27. Let m = d - x. Is m a multiple of 10?
True
Let g = 4 - -25. Suppose 4*d + 31 = 91. Let n = g - d. Is n a multiple of 7?
True
Let s(f) = f**3 + 19*f**2 + 31*f - 16. Does 17 divide s(-17)?
False
Suppose 2*m - 2 = 4. Let a = -3 + m. Let z(o) = -o**2 + o + 7. Is z(a) a multiple of 7?
True
Let x be (-2)/(-4) - 71/2. Suppose 0 = -v + 29 - 78. Let d = x - v. Is d a multiple of 14?
True
Suppose 2*a + 0*a - u = 0, 3*u = -a + 14. Is 10 a factor of 1/(a/296*4)?
False
Suppose -a + 4*u + 199 = 2*u, 0 = -5*a - 4*u + 995. Does 8 divide a?
False
Let p = -8 + 17. Is 9 a factor of p/(-27)*(-162)/2?
True
Let u(k) = 35*k**3 - k**2 - k + 2. Let y be u(2). Suppose -4*c - 60 + y = 0. Does 14 divide c?
False
Does 21 divide (-5 - -63) + (0 - (-3 - -1))?
False
Suppose 2*b + 1 = -2*i + 13, 3*i - 10 = -2*b. Does 6 divide 100/b - (-2)/(-4)?
True
Suppose 2 = q - 2. Suppose -q*c + 3*c = -30. Is c a multiple of 12?
False
Let d be 1 + 3 + (-1)/1. Suppose d*r + 2*r = 25. Let f(a) = -a**2 + 6*a + 1. Is f(r) a multiple of 5?
False
Let y(d) = -6*d - 34. Is 8 a factor of y(-11)?
True
Let w = -15 + 6. Let f(v) = -v**3 - 8*v**2 + 10*v + 11. Let q be f(w). Suppose -q*g + 108 = g. Is g a multiple of 12?
True
Let r = -1 - 1. Let t be (3/r)/((-6)/16). Suppose -t*c + 54 = 5*g, -g = -1 - 1. Is c a multiple of 8?
False
Suppose -a + 17 = 3. Let q = a - 0. Is q a multiple of 14?
True
Suppose -4*p - 6 = -22. Suppose -39 = -p*d + 41. Does 10 divide d?
True
Suppose -c = -0*c. Suppose s - 50 = 4*o, c*o - 4*o - 266 = -5*s. Is (s/(-4))/(1/(-2)) a multiple of 12?
False
Let l = 0 + 11. Does 9 divide l?
False
Let l(x) = 12 + x - x**2 + 3 + 4. Let n be l(0). Suppose 0 = -4*k + n + 41. Is 9 a factor of k?
False
Let v(f) = -f - 3. Let g be v(-4). Suppose -16 = -4*k - 3*u, -2*k - 2*u + 4 = -2. Let o = k - g. Is o a multiple of 3?
True
Let o(s) = -s**3 + 11*s**2 + 8*s + 12. Let i(d) = -d**3 + 12*d**2 + 7*d + 12. Let t(a) = -3*i(a) + 4*o(a). Is t(9) a multiple of 15?
True
Let a(n) = -n - 4. Let r be a(-7). Suppose -5*m = 2*t + 2, -20 = 2*m + r*m. Is t a multiple of 2?
False
Suppose 3*n = -2*n + 270. Let a = n + -33. Is 6 a factor of a?
False
Is 24 a factor of (18 - 12)/((-2)/(-24))?
True
Suppose -3*y + 4*l - 2 = 0, -5*y - 5 = -2*y - l. Let u be y/(-8) - (-3)/(-12). Suppose u*v + v = 17. Is v a multiple of 10?
False
Let m(t) = -t**2 + t + 13. Let z = -2 + 2. Let q be m(z). Let d = -9 + q. Is 4 a factor of d?
True
Let u = -2 - -122. Is u a multiple of 15?
True
Let k(b) = -b**3 - b**2 + b - 7. Let s be k(0). Let v be 1 + -1 + (3 - 1). Is v - (0 + s - 0) a multiple of 6?
False
Suppose t + 7*w - 10*w = 112, -3*t = 3*w - 372. Is t a multiple of 15?
False
Let s be (1 - -3)*(-3)/6. Does 10 divide (-3 - (-4 - s)) + 11?
True
Suppose c = n - 27, 0 = 5*n + 4*c - c - 151. Is 4 a factor of n?
False
Suppose 5*o - 306 + 61 = 0. Is o a multiple of 17?
False
Let w(k) = 10*k**3 + 3*k**2 - 4*k + 2. Is 18 a factor of w(2)?
False
Let l be (-142)/4 - 3/(-2). Let u = -14 - l. Does 20 divide u?
True
Suppose 1 = -l + 25. Is 8 a factor of l?
True
Let q(t) = -4*t + 46 + 4*t + t - 10. Does 12 divide q(0)?
True
Suppose 5*m - 2 - 18 = 0. Let g = 0 - m. Let k(i) = i**2 + 4*i + 6. Is k(g) a multiple of 6?
True
Let w be -1*2 + 0 + 4. Let g(c) = 22 - 2*c**w + 3*c**3 + c**2 - 2*c**3. Is 13 a factor of g(0)?
False
Let p = -11 - -13. Suppose -v = v + p*q - 94, -125 = -3*v + 5*q. Does 12 divide v?
False
Suppose -8*q + 12*q - 216 = 0. Is q a multiple of 18?
True
Let z be -1*-3*(-30)/9. Is z*6*(-4)/5 a multiple of 24?
True
Does 23 divide 4/(-26) + 600/13?
True
Let r be 1/((-4)/268*-1). Suppose -4*v = -113 - r. Does 15 divide v?
True
Let q be 2/(-11) - 211/(-11). Is 11 a factor of q + 0 - (-6 + 8)?
False
Let g = -